. Suppose -x + p + 8 = u. List the prime factors of x.
2
Let r = 1856 + -1098. What are the prime factors of r?
2, 379
Let r(g) be the first derivative of g**6/360 - g**5/30 - g**4/12 + 7*g**3/3 + 7. Let y(s) be the third derivative of r(s). List the prime factors of y(8).
2, 3, 5
Suppose -2*j = -3*j + 64. Let r = j - 54. What are the prime factors of r?
2, 5
List the prime factors of 159/1 + ((-180)/10)/(-3).
3, 5, 11
Let r(p) = 2*p - 6. Let o be r(4). Suppose -36 = -o*t + 74. Let k = -24 + t. List the prime factors of k.
31
Let y(k) = -k**3 - 12*k**2 - 11*k + 3. Let p be y(-11). Suppose q = -q + 2*u - 2, 4*u - 32 = -p*q. List the prime factors of (-9)/(-3) + 96/q.
3
Let l = 38 + -23. Let r = l - -22. What are the prime factors of r?
37
Let o be 8/(-36) + (-245)/(-9). Let x be o*(1/(-1) - -2). Let b = 62 - x. List the prime factors of b.
5, 7
Let i = -2488 - -3750. What are the prime factors of i?
2, 631
Suppose -750 = -5*y - 5*i, -4*y + 3*i = i - 594. List the prime factors of y.
149
Let x = 16 + -13. List the prime factors of (-76)/x*51/(-34).
2, 19
Suppose 21*h = 23*h - 3*i - 4751, -i = -3*h + 7123. List the prime factors of h.
2, 1187
Let n be (4*-3 + 0)*56/(-28). Suppose -n = -12*u + 1368. What are the prime factors of u?
2, 29
Suppose 3*p = -4*c, 5*c - 3*c = p. Suppose 2 + c = 2*a. List the prime factors of 2 - (0 + (-1 - a)).
2
Suppose -5*i + u = -2*u - 78, -2*u + 8 = 0. Suppose i = s - 59. Let t = s + -45. What are the prime factors of t?
2
Suppose 3*u - 450 = -3*b - 0*b, -3*b + 4*u = -422. What are the prime factors of b?
2, 73
Let c(s) = -5*s + 5. Let u be c(1). Suppose -2*h + u*n - n + 49 = 0, 3*h - 3*n = 87. What are the prime factors of h?
2, 13
Suppose -6*n + 8*n = -14. Let u = n + 26. What are the prime factors of u?
19
Suppose 2*d = -d + 6. Let c(t) = 5*t**2 - t**d - 5 - 2*t - 1 - 3*t**2. List the prime factors of c(-6).
2, 3, 7
Let j(p) = -p**3 + 5*p**2 + 7*p - 8. Let h be j(6). Let x be (h/6)/((-5)/45). Suppose 0 = x*k + 2*l - 106, 25 + 0 = 5*l. List the prime factors of k.
2
Let w(c) = -48*c - 3. Let k be 8/6*9/(-6). Let i be w(k). Suppose 10 = 5*t, 3*t + i = 4*o + 3. What are the prime factors of o?
2, 3
Let v(z) = 5*z**2 - z. Let d be v(1). Suppose 6 = -3*h - 9, 0 = u - d*h - 25. Suppose -6 = c + 2*c, u*c - 225 = -5*p. List the prime factors of p.
47
Suppose -7*k + 4*k + 3*y = -18, 5*k - 27 = 4*y. Suppose 0 = -5*p + k*g + 121, 0 = 5*p - 6*p + 2*g + 20. Suppose -80 + p = -3*b. What are the prime factors of b?
2, 3
Suppose -5*f = -h + 1538, -74*h + 69*h = -f - 7810. What are the prime factors of h?
3, 521
Suppose -4*q + 5*v - 20 = 17, 25 = -3*q + v. Let k = q - -19. What are the prime factors of k?
11
Suppose -i - 3*v - 2358 = -4*i, -i + 2*v = -788. What are the prime factors of i?
2, 7
Let d = -262 + 445. Let p = 265 - d. Suppose 5*i = l + l + 78, -5*i + 3*l + p = 0. List the prime factors of i.
2, 7
Let c be 10*(3 + 0 - -3) + -2. Suppose 340 = 3*o + c. List the prime factors of o.
2, 47
Suppose -2546 = -4*p + 1046. Suppose -4*m + p = -2*v + 5*v, 4*v = 5*m - 1138. What are the prime factors of m?
2, 113
Suppose 16 = -2*z - 2*z. Let b be 90/21 + z/14. Suppose -3*n + 22 = b. What are the prime factors of n?
2, 3
Let g(a) = a**3 - 14*a**2 + 12*a + 13. Let t be g(13). Suppose -3*q - 5*u = -307 - 156, 5*q - 2*u - 813 = t. List the prime factors of q.
7, 23
Suppose -8*l + 7*l + 3 = 0. Suppose -3*z + 491 = 5*d, 6*d - d - l*z = 479. What are the prime factors of d?
97
Suppose -j - 34 = -i, i - 36 = -5*j + 4*j. Suppose 0 = -5*n - g + 67 + 63, 0 = -2*n + 3*g + i. List the prime factors of n.
5
Let k = 12 + -10. Let w be 131*k*14/28. Let s = w + -88. List the prime factors of s.
43
Suppose -3*a + 6 = 3*u, -2*u + 4*a - 5 = -33. Suppose u*z = -0*z + 702. What are the prime factors of z?
3, 13
What are the prime factors of 1340 + 0 + 6/(17 + -16)?
2, 673
Let l(n) = -53*n**3 + 8*n**2 - 11*n - 28. What are the prime factors of l(-4)?
2, 13, 17
Suppose -5*t = -6*t - j, 2*j = -3*t + 3. Suppose -2*z = -w + 134, -t*w + 3*z + 382 = 7*z. List the prime factors of w.
2, 5, 13
Suppose -20*o + 22*o - 1705 = 5*s, 4*s + 848 = o. List the prime factors of o.
2, 5, 43
Suppose -13*w + 17*w - 12 = 0. Let q be -22*w/(-6)*9. Suppose 0*r + 3*r - q = 0. What are the prime factors of r?
3, 11
Let g = 1822 - -337. List the prime factors of g.
17, 127
Let h(w) = w**3 + 17*w**2 + 15*w - 9. Suppose 3*c + k + 49 = 0, -5*k - 24 = -3*c - 67. What are the prime factors of h(c)?
7
Suppose 0 = 5*m - 7*m + 6. Suppose -3*a = -m*z + 162, -4*z - 5*a + 101 = -70. List the prime factors of z.
7
Let o(m) = 3*m**2 + 2*m - 1. Let v be o(1). Let j(h) = h**3 - 6*h**2 + 4. Let s be j(v). Let k = s + 49. What are the prime factors of k?
3, 7
Let j(n) = n**3 - 6*n**2 + 4*n - 15. Let x be j(6). Suppose -6*w - 531 = -x*w. Suppose 4*l = w + 139. What are the prime factors of l?
79
Let j(w) = -14*w + 10. Let n be j(5). Let t be (-8 + 4)*n/8. Suppose -s + t = 4*s. List the prime factors of s.
2, 3
Let j(b) = -110*b**3 + 2*b**2 - b - 2. Let f be j(-1). Suppose -5*r + 3*g + 358 = 0, 3*r = 5*g + f + 91. What are the prime factors of r?
2, 37
Suppose -15*l = -18*l - 180. Let v = 35 + l. Let q = v - -41. What are the prime factors of q?
2
Let v = -101 + 334. What are the prime factors of v?
233
Suppose 2*b - 2*n = 6314, -3*n + n = -4. List the prime factors of b.
3, 13
Let c = -602 - -1464. List the prime factors of c.
2, 431
Let t be (10/20)/((-2)/20). Let n be (-1 - -6)*(-24)/t. Suppose -l - 1 = -n. What are the prime factors of l?
23
Suppose 4*a - 3*a = 5. Let g(o) = -1 + o**2 + 0 + a*o**2. List the prime factors of g(-2).
23
Let z be 11/4 - (-3)/12. Suppose -154 + 469 = z*v. List the prime factors of v.
3, 5, 7
Let n(v) = v**3 - 9*v**2 - 6. Let i be n(9). Let y(d) = -d - 3. Let s be y(i). Suppose -s*o - 1 = -19. List the prime factors of o.
2, 3
Let m(t) = t**3 - 7*t**2. Suppose 3*x = 2 + 19. Let j be m(x). Suppose j = u - 19 + 4. List the prime factors of u.
3, 5
Let o be ((-15)/4)/(8/32). Let h be (-11)/5 + (-3)/o. What are the prime factors of -4 + 37*h/(-2)?
3, 11
Suppose 1254*d + 1810 = 1259*d. What are the prime factors of d?
2, 181
Suppose n - 8 = 21. Suppose -3*f = -t + 2*t - 11, -5*t + n = 2*f. Suppose -o - f*y = 7, 3*y + 18 = o - 0*o. What are the prime factors of o?
3
Let y(x) be the first derivative of 3*x**2 - x - 3. What are the prime factors of y(3)?
17
Let o(b) = -29*b - 1. Let k be (-45)/(-30)*(-4)/3. List the prime factors of o(k).
3, 19
Suppose 0 = -5*y - 1222 + 3802. List the prime factors of y.
2, 3, 43
Let m be 4/(-10) + 102/30. Suppose -13*w = m*w - 496. List the prime factors of w.
31
Let w(x) be the first derivative of -x**4/4 - x**3/3 - x**2/2 + 19*x - 4. Let p be w(0). Let k = -10 + p. List the prime factors of k.
3
Suppose -2*y - 25 = -13. Let h(n) = 2*n**2 + 5*n + 8. List the prime factors of h(y).
2, 5
Let c(m) = -45*m**3 + 2*m**2 - 3*m - 6. List the prime factors of c(-2).
2, 23
Let n = -884 - -606. Let m = n + 149. Let r = m + 181. What are the prime factors of r?
2, 13
Let f(n) = n + 9. Let k be f(-4). Let p(b) = 2*b - 2. Let y be p(k). List the prime factors of 382/y + (-1)/(-4).
2, 3
Let z(p) be the third derivative of p**6/120 + p**5/4 - 7*p**4/8 + 6*p**3 - 19*p**2. What are the prime factors of z(-16)?
2, 29
Suppose 2*i - 5*m - 2324 = 0, i + 4*m - 823 - 326 = 0. List the prime factors of i.
13, 89
Let x be -4*(36/(-16))/3. Suppose 0 = x*d - 8 + 29. Let o(f) = f**2 + 4*f + 13. List the prime factors of o(d).
2, 17
Suppose -3*z + 1 = 7, 5*u - z = 537. Let j = u - 73. What are the prime factors of j?
2, 17
Let h = 12985 + -9257. What are the prime factors of h?
2, 233
Suppose 2079 = t + h, -78*t + h + 4167 = -76*t. List the prime factors of t.
2, 3, 347
Suppose -6 = 3*l + 3. Let q = l + 7. Suppose 4*m + 4*d = 104 + 72, q*m = -2*d + 168. What are the prime factors of m?
2, 5
Suppose -d + 4*x + 698 = 0, 3*x - 5*x = 2. What are the prime factors of d?
2, 347
Let x(u) = u**2 - u + 1. Suppose 0 = k - 0*k - 7. List the prime factors of x(k).
43
Let j(q) = q**3 + 17*q**2 - 2*q + 12. Let y be j(-17). Suppose -y = 6*d - 7*d. What are the prime factors of d?
2, 23
Let f(t) = -22*t. Let q be f(-2). Suppose 0 = -67*u + 68*u - q. What are the prime factors of u?